Let c(k) = 4*k**2 + 2*k + 1 - k**2 - 2 + p. Let w be 14/(-6) - (-2)/6. Determine c(w).
7
Let w(f) = 3*f - 4. Let n(a) = a - 1. Let x(y) = 7*n(y) - 2*w(y). What is x(-3)?
-2
Let y(c) = 10*c**2 - 4*c - c - 4 - 11*c**2 + 5. What is y(-3)?
7
Let h(m) = -m**2 + 2*m - 2. Suppose 0 = -2*t - 13 - 3. Let p(v) = v**2 - 5*v + 3 + 7*v + 6*v. Let u be p(t). Give h(u).
-5
Let j(d) be the second derivative of d**3/2 + 5*d**2/2 - d. Let l be 20/70 - (-136)/14. Let f(u) = u**2 - 9*u - 14. Let k be f(l). Determine j(k).
-7
Let h(r) = -3*r**3 - r**2 + 4*r - 4. Let p be h(1). Let y(v) = v**3 + 3*v**2 - 4*v + 1. Give y(p).
1
Let k(m) = -m**2 + 4*m - 1. Let y(j) be the second derivative of -j**5/20 + 5*j**4/12 - j**3/2 + j**2/2 - 4*j. Let f be y(4). Determine k(f).
-6
Let r(q) = -2*q**2 - 7*q - 6. Suppose -2*y = -m, -3*y - 2*y - 6 = -m. Determine r(m).
-10
Let b(v) = -2*v**2 - 2*v**3 - 6*v**2 + 5 + 3*v**3 + 6*v. Calculate b(7).
-2
Suppose -2*b - 4 = -18. Let z(t) = -t + 6. Calculate z(b).
-1
Let t(u) = u + 5. Let r be t(-7). Suppose 6*s - 2*s - 10 = -5*j, -4*j + 8 = -s. Let p(h) = 3*h**2 - 2*h**2 - 3 + 0*h**j - 3*h. Calculate p(r).
7
Let g(a) = 17*a**3 - 2*a**2 + 2*a - 1. Let f(v) = -2*v - 3. Let u be f(-2). Determine g(u).
16
Let o(f) = -f**2 - 7*f - 5. Let x(n) = n - 3. Let d be x(6). Let g be (d/(-2))/(1/2). Let l = -8 - g. Calculate o(l).
5
Let b = 2 - -1. Suppose -5 = -b*y - 4*l - 0, -3*y - 3*l = -3. Let h(i) be the first derivative of 3*i**2/2 + i + 1. Determine h(y).
-2
Let v(q) be the third derivative of q**4/24 + 11*q**3/6 + 17*q**2. Determine v(-7).
4
Let j(t) = -t**2 + 10*t - 10. Suppose 6*s = 9*s - 24. Give j(s).
6
Let z = 8 + 2. Let d(g) = 14*g + 3*g - z*g - g**3 - 5*g**2 - 2. Calculate d(-6).
-8
Let c(q) = -q**3 - 3*q**2 + 4*q + 3. Suppose 0 = -t + 1 - 5. What is c(t)?
3
Suppose 0 = -l + 2 + 2. Suppose -n + 6 = l. Suppose 8 = -n*v - 2*q - 0, -v = 2*q + 3. Let h(m) = 2*m + 7. Determine h(v).
-3
Let i be (-3)/(-3)*(2 - 2). Let v(q) = -q**2 + 10. What is v(i)?
10
Let g(z) = 4*z - 3*z + 0*z - 4. Let y = 55 + -49. Calculate g(y).
2
Suppose -5*v + 0*v - 13 = 2*o, v = o - 4. Let r(g) be the second derivative of 1/3*g**3 - 1/4*g**4 + 0 - 1/2*g**2 - 1/20*g**5 - g. Give r(v).
-7
Let m(q) = -10*q**3 + 6*q**2 + 2*q - 3. Let s(j) = 0*j**3 - 17*j**3 - 2*j**3 + 4*j - 5 + 11*j**2. Let p(v) = 7*m(v) - 4*s(v). Give p(-1).
-7
Let b(q) be the second derivative of -q**5/20 + q**4/2 - 7*q**3/6 - q**2 - 13*q. Give b(5).
-12
Let x(u) = -5*u**2 - 2*u. Suppose 24 = -0*r - 2*r + 5*w, -5*r - 30 = -5*w. Calculate x(r).
-16
Let n be ((-8)/6)/(10/(-195)). Suppose 5*y - 9 = 5*o + 1, 3*o = -5*y + n. Let h(a) = 4 + 7*a**3 - 5*a - y*a**3 - 2*a**2 - 2*a**3. Determine h(3).
-2
Let h(t) = t**3 + 3*t**2 - 5*t - 3. Let x = 7 - 13. Let a be x*3/(12/2). Calculate h(a).
12
Let p = -1 - -3. Let m(d) = d**2 - 2*d - 1. Determine m(p).
-1
Let v(r) = -2*r**2 + 19*r + 5. Let p = -15 - -8. Let k(g) = -g**2 + 9*g + 2. Let y(z) = p*k(z) + 3*v(z). Determine y(6).
1
Let r(n) = -5*n**3 - 13*n**2 - 3*n + 11. Let k(b) = -2*b**3 - 4*b**2 - b + 4. Let a(v) = -8*k(v) + 3*r(v). Suppose 21 = 7*p - 4*p. What is a(p)?
-6
Let n(b) = b + 3*b - 3*b. Let w be -7 + 4 - 2/1. Give n(w).
-5
Let h(y) = -3*y**2 + 29*y + 10. Let r be h(10). Let d(j) = j + 6. Calculate d(r).
6
Let n(q) be the second derivative of -2*q**3/3 - q**2/2 - 8*q. Let x(i) = -3*i. Let c(y) = 6*n(y) - 7*x(y). What is c(-5)?
9
Let b be 8/20 + (-46)/(-10). Suppose v = 6 - b. Let o(w) = -2*w + 1. What is o(v)?
-1
Let j(o) = -o - 6. Let b(f) = -f - 7. Let k(i) = 2*b(i) - 3*j(i). Give k(5).
9
Let r(q) = q - 2*q + 3 + 3*q. Let p = 4 - 10. Let v = p + 9. Calculate r(v).
9
Let p = 2/119 - -591/238. Let d(a) be the first derivative of 1/4*a**4 + 1 + 2/3*a**3 - 4*a - p*a**2. What is d(-3)?
2
Let g(o) = -o**2 - 5*o + 5. Suppose -3*r = -4*j + 4 + 68, 5*r = -4*j + 72. Let c be (30/j)/(1/(-3)). What is g(c)?
5
Let n(f) = -12*f**3 + f**2 - f. Let u = -2 + 4. Suppose 3*o - 2 = -u*h, 4*h + o - 1 = 3. Calculate n(h).
-12
Let r(t) = -11 + 1 + t + 0*t. Let b(y) = -y + 7. Let s(d) = 7*b(d) + 5*r(d). Let x be (-3)/(2 - 3/1). What is s(x)?
-7
Let q(m) = -7*m - 4. Suppose -5*v + 3*d - 22 = 2, v - 4*d = -15. Let f(t) = -t**2 - 8*t - 5. Let i(h) = v*q(h) + 2*f(h). What is i(4)?
-10
Let t(l) = -l**3 + 6*l**2. Let o(x) = -x**3 + 7*x**2. Let j(s) = -5*o(s) + 6*t(s). Suppose -5*d + 15 = 5*w, d - 3 = 5*w - 3*d. What is j(w)?
0
Let r(i) = i**2 - 3*i + 2. Let f be r(3). Let w(y) = -1 - y + f + 0*y + 3*y. What is w(2)?
5
Let t(l) = -l**3 + 4*l**2 + 3*l - 5. Let p(u) = 7*u - 2. Let w be p(1). What is t(w)?
-15
Let c(y) = y + 3. Let b = -49 - -54. Calculate c(b).
8
Let b(j) = j**2 + j. Let k(h) = 5*h**2 + 5*h + 2. Let f(d) = 4*b(d) - k(d). Suppose -i + 15 = 2*i. Suppose 5*g + 3*u = 5 + i, -3*g + u + 6 = 0. Calculate f(g).
-8
Let f be 2*((-54)/12 - -1). Let l(o) be the third derivative of o**6/120 + 2*o**5/15 + 7*o**4/24 + o**3/2 - 2*o**2. Give l(f).
3
Let s = -142 - -140. Let o(y) = y**3 + 2. Calculate o(s).
-6
Let z(g) = -3*g**2 - g. Let n = 15 - 8. Let c = n + -3. Let l = 5 - c. What is z(l)?
-4
Let h be (-4)/(-12) - 8/(-12). Let f(z) = -z + 3*z**2 - 5*z**2 + 3*z**2 - 5*z**2. Determine f(h).
-5
Let x(r) = r**2 + 4*r + 3. Let h = -21 + 36. Suppose -4*y = a - 16, h = y + 2*y. Determine x(a).
3
Let h(b) = -3*b - 2*b**3 - b + 2*b**2 - 4 + 4*b**2. Let k(r) = -r**3 + r. Let d(z) = -h(z) + k(z). Let l be (8/(-12) - 11/(-3)) + 2. Calculate d(l).
4
Let i be (-1 - -1)/4 - -1. Let u(b) = 3*b**3 + b**2 - 2*b + 1. Calculate u(i).
3
Let n(o) be the second derivative of -o**4/6 - o**3/2 + 3*o**2/2 + o - 7. Suppose -2*f - 10 = k + 3*k, -3*k = 3. Calculate n(f).
-6
Let s be 10/(-8)*(5 + -9). Suppose 0 = -0*n + s*n + 25, 3*x + 4*n + 11 = 0. Let z(i) = i - 4. Determine z(x).
-1
Suppose 4*v - 2 = 10. Let n(f) be the second derivative of 0 - 2*f + 1/20*f**5 + 2/3*f**3 - 1/3*f**4 + 0*f**2. Calculate n(v).
3
Suppose 4*x - 17 = 3. Let m(i) be the first derivative of -i**2/2 + 10*i - 1. Give m(x).
5
Let u(o) = -2*o**3 + o. Let h(p) = p**2 - 4*p - 5. Let v be h(5). Suppose 3*d + 3 = -v*d. Determine u(d).
1
Let q(x) = -x**2 - x + 3. Let h = -7 + 12. Suppose 0*m = -4*y + m - 1, 0 = h*m - 5. Give q(y).
3
Let n be (-15)/(-10) - (0 + 2/(-4)). Let w(k) = -4*k + 3. Give w(n).
-5
Let n(b) = -b**2 + 6*b + 7. Let f be ((-6)/4)/(-2 - 145/(-80)). What is n(f)?
-9
Let o = -14 + 16. Suppose o*a = -a - 3. Let q(l) = -l**3 - 2*l**2 + 1. Give q(a).
0
Let m(b) = -b**2 + 6*b - 2. Suppose 15 = 6*g - 9. Calculate m(g).
6
Let l(h) = -h**3 - h**2 - h - 2. Let x be l(-1). Let o(q) = 18*q**3 - 2*q**2 - q. Calculate o(x).
-19
Let v(t) = -60 + 12 - t + 17 + 21. Determine v(-6).
-4
Let b(o) = -o. Suppose -5*k + 1 = -9. Suppose -u - j = k, u - 5*j + 0 + 2 = 0. Determine b(u).
2
Let b(x) = x**2. Let c(k) be the first derivative of -k**4/4 - k**3/3 - 5*k + 1. Let m(r) = -b(r) - c(r). What is m(0)?
5
Let b(u) = -u**2 + 3*u - 6*u**3 - 2*u**2 - 5*u - 2 + 5. Let d(f) = -f**2 - f + 1. Let o(y) = -b(y) + 3*d(y). Calculate o(1).
5
Let d(m) = 3*m**2 - 4*m + 3. Let s(f) = -4*f**2 + 3*f - 2. Let o(u) = -3*d(u) - 2*s(u). What is o(6)?
-5
Let d(r) = 2*r**2 + 2*r - 28. Let y(b) = -b**2 - b + 14. Let p(w) = -6*d(w) - 11*y(w). Let k = 7 - 7. Give p(k).
14
Suppose -3*t = 2*i + 11, -5*t + 4*t + 19 = -5*i. Let c(z) = -3*z - 1 + 1 + 1. Give c(t).
4
Suppose -68*a - 35 = -73*a. Let t(g) = g**2 - 8*g + 7. Determine t(a).
0
Let w(r) be the second derivative of 0 + 0*r**2 + 2/3*r**4 - r + 1/6*r**3. Give w(-1).
7
Suppose 3*n + 10 = -2*n. Suppose 4*s = s + 6. Let q(v) = -s - 4*v + 0 + v. Give q(n).
4
Suppose 4*q - 5*q + 8 = 2*l, 0 = -4*q. Let i be -3*(-1)/6*l. Let f(g) = -5*g + 9*g + 2 - 3*g**2 + 4*g**i. Calculate f(-5).
7
Let w(r) = -5 - 5*r + 3 + 3 - r**2. Let n(c) = -c**3 + 5*c**2 + 5*c + 3. Let p be n(6). What is w(p)?
7
Let x(r) = -2*r - 1 + 5*r + 2*r. Suppose 4*v - 6 = 6*v, 0 = -b - 3*v - 10. Determine x(b).
-6
Let i(p) = p**2 - 4*p - 1. Suppose -g - 4*t - 12 = -5*g, 0 = -3*g - 4*t + 23. Let w be 8/(-20) + 27/g. Give i(w).
4
Suppose -20 = -y - 4*y, 2*c = -y - 6. Let z(p) = p**3 + 6*p**2 + 7*p + 1. Give z(c).
-9
Let v(l) = 2*l + 32. Let a be v(-13). Let u(x) = -x**2 + 7*x - 7. What is u(a)?
-1
Let s = 3 + -2. Suppose 4*i = -5*a + 6 - 37, -4*i = 16. Let c(u)